110010 (base 4) to base 8.
32404
What is -550 (base 11) in base 16?
-294
1442 (base 10) to base 5
21232
Convert 20014 (base 5) to base 16.
4eb
-417 (base 13) to base 5
-10241
What is -17237 (base 9) in base 10?
-11860
Convert -224266 (base 7) to base 9.
-60701
What is 5076 (base 10) in base 13?
2406
2e78 (base 15) to base 12
5965
Convert 263330 (base 7) to base 2.
1100000001000001
Convert 323323 (base 5) to base 14.
4080
-173a6 (base 11) to base 14
-8c97
What is 320555 (base 7) in base 5?
3234013
301 (base 6) to base 14
7b
What is -220 (base 9) in base 12?
-130
-1540b (base 14) to base 13
-1b128
1123 (base 5) to base 9
201
Convert 21233 (base 4) to base 15.
2b8
What is -139 (base 13) in base 2?
-11011001
What is 17a (base 15) in base 2?
101010100
Convert 5712 (base 15) to base 2.
100100000100011
Convert 2ce (base 16) to base 4.
23032
What is -1e2 (base 15) in base 2?
-110110101
1193 (base 11) to base 2
11000010010
-11b (base 14) to base 2
-11011101
-12033 (base 6) to base 2
-11011010101
654 (base 10) to base 11
545
Convert -78407 (base 9) to base 6.
-1041054
Convert 6315 (base 8) to base 13.
1651
What is 100111010000 (base 2) in base 11?
1984
1001100011000 (base 2) to base 3
20201001
Convert 2500 (base 8) to base 7.
3630
Convert -20718 (base 9) to base 10.
-13706
Convert -2343 (base 10) to base 4.
-210213
Convert 420 (base 7) to base 5.
1320
-403310 (base 5) to base 16
-329b
Convert 10120001 (base 3) to base 15.
b7d
11010111100111 (base 2) to base 8
32747
3211342 (base 5) to base 13
1b749
What is -108a8 (base 12) in base 5?
-1201031
-10000110100 (base 2) to base 16
-434
Convert 112 (base 9) to base 2.
1011100
3a6 (base 11) to base 7
1253
Convert 505 (base 6) to base 13.
113
-a28 (base 16) to base 10
-2600
-202100 (base 3) to base 7
-1413
2c4 (base 16) to base 14
388
cf08 (base 16) to base 15
10a85
What is -4042 (base 6) in base 3?
-1012222
Convert -11243 (base 10) to base 5.
-324433
4346 (base 7) to base 3
2010112
Convert 200a (base 14) to base 13.
266c
-174 (base 9) to base 14
-a8
What is 55352 (base 8) in base 14?
86a6
-111021 (base 3) to base 5
-2413
Convert -10f6 (base 16) to base 6.
-32034
What is -25257 (base 12) in base 4?
-30110203
What is -1de (base 16) in base 13?
-2aa
Convert 1132022 (base 4) to base 8.
13612
Convert -120241 (base 5) to base 9.
-6080
d32c (base 14) to base 8
106714
Convert -301 (base 9) to base 6.
-1044
356030 (base 7) to base 8
175771
-11213 (base 4) to base 13
-218
What is 110110202 (base 3) in base 14?
3456
367 (base 10) to base 3
111121
30000020 (base 4) to base 6
1015332
Convert 11577 (base 8) to base 10.
4991
Convert 2675 (base 9) to base 10.
2012
752 (base 14) to base 8
2644
-4557 (base 13) to base 4
-2113221
-42130 (base 9) to base 4
-12302202
-172 (base 12) to base 4
-3212
Convert 7102 (base 12) to base 2.
10111111010010
9b (base 16) to base 6
415
What is -1011001110 (base 2) in base 7?
-2044
-23450 (base 8) to base 7
-41140
101 (base 13) to base 16
aa
What is -1011001010111110 (base 2) in base 16?
-b2be
-672 (base 13) to base 12
-783
Convert -78a (base 14) to base 9.
-2040
Convert cff (base 16) to base 13.
168c
What is 1595 (base 13) in base 12?
19b8
What is -c3 (base 13) in base 5?
-1114
Convert a566 (base 11) to base 14.
5151
What is -717 (base 14) in base 6?
-10241
-18270 (base 10) to base 3
-221001200
What is ba (base 16) in base 15?
c6
-5242 (base 6) to base 12
-822
What is -2287 (base 11) in base 4?
-232313
What is 133 (base 14) in base 8?
361
What is -15351 (base 6) in base 3?
-10110011
Convert -10651 (base 9) to base 5.
-211333
What is -111301 (base 4) in base 11?
-1057
3144 (base 6) to base 11
598
-335 (base 6) to base 11
-10a
What is 11101211 (base 3) in base 4?
302020
Convert -379a (base 13) to base 3.
-101211122
What is 1011101111 (base 2) in base 6?
3251
What is 12201 (base 5) in base 6?
4142
What is 25256 (base 7) in base 12?
3a28
What is 36217 (base 9) in base 16?
5eab
Convert -35e2 (base 16) to base 3.
-200220220
111212 (base 3) to base 5
2444
What is -1212110 (base 3) in base 4?
-111102
What is 30553 (base 7) in base 15?
2341
-82b1 (base 13) to base 11
-12627
What is 1997 (base 11) in base 13?
11c4
Convert 10101000111100 (base 2) to base 12.
6310
110011011110 (base 2) to base 13
1665
715 (base 13) to base 11
9a2
Convert 3949 (base 13) to base 12.
4891
-33b1 (base 15) to base 11
-826a
501 (base 15) to base 7
3166
Convert 10000011 (base 2) to base 6.
335
Convert 12002 (base 6) to base 16.
6c2
Convert 2b95 (base 14) to base 9.
11588
What is 1adc (base 15) in base 11?
4422
What is -8166 (base 10) in base 11?
-6154
-560 (base 16) to base 6
-10212
What is 102004 (base 7) in base 4?
10101121
Convert 4301 (base 11) to base 16.
1638
Convert -421 (base 12) to base 10.
-601
What is -1025 (base 9) in base 3?
-1000212
Convert 246 (base 7) to base 9.
156
What is -2432 (base 12) in base 3?
-12120202
-726 (base 10) to base 14
-39c
What is -23157 (base 12) in base 3?
-2101021211
What is -28378 (base 9) in base 12?
-b198
What is 9738 (base 10) in base 6?
113030
What is -14832 (base 9) in base 13?
-4811
What is -15365 (base 8) in base 7?
-26056
c0a (base 13) to base 5
31123
What is 12159 (base 11) in base 9?
25881
2222 (base 4) to base 16
aa
-635 (base 12) to base 7
-2432
What is 52542 (base 7) in base 2?
11001010100110
56c3 (base 14) to base 10
15067
Convert 39a84 (base 12) to base 16.
135c4
Convert 1446 (base 10) to base 7.
4134
What is 3306 (base 15) in base 6?
122010
What is 1242 (base 5) in base 2?
11000101
2052 (base 8) to base 16
42a
What is -102001 (base 3) in base 8?
-452
What is -7c4 (base 15) in base 3?
-2102011
What is 50305 (base 7) in base 8?
27575
Convert 615 (base 12) to base 4.
31301
Convert -e2 (base 16) to base 6.
-1014
What is 23430 (base 6) in base 10?
3402
Convert -d3a4 (base 15) to base 16.
-aea0
Convert -871 (base 16) to base 12.
-1301
ac (base 13) to base 8
216
What is 13078 (base 13) in base 15?
a6a1
-252 (base 10) to base 6
-1100
What is 55a (base 15) in base 6?
5334
What is -41432 (base 5) in base 6?
-20410
Convert -1404 (base 10) to base 14.
-724
What is 2176 (base 12) in base 10?
3690
Convert 831 (base 9) to base 15.
301
-622 (base 7) to base 5
-2220
-23043 (base 5) to base 4
-121300
What is 227 (base 12) in base 15?
164
What is -1433 (base 5) in base 2?
-11110011
-10000013 (base 4) to base 15
-4ccb
-158eb (base 15) to base 9
-115325
-758 (base 14) to base 9
-1881
Convert 1277 (base 14) to base 3.
11110001
13376 (base 8) to base 14
2206
Convert -9021 (base 10) to base 12.
-5279
What is -354 (base 7) in base 12?
-136
Convert 1818 (base 9) to base 15.
62e
-280c (base 13) to base 11
-4365
What is 11121 (base 5) in base 3?
1002010
What is -ad8 (base 14) in base 7?
-6161
What is -a0 (base 16) in base 14?
-b6
-24635 (base 12) to base 5
-3034124
Convert 24111 (base 5) to base 9.
2388
Convert 14751 (base 11) to base 10.
20868
Convert 104121 (base 5) to base 6.
24541
What is -417 (base 8) in base 15?
-131
-7012 (base 15) to base 7
-125633
27305 (base 8) to base 13
55b0
What is 3123240 (base 5) in base 8?
144757
1070 (base 15) to base 10
3480
What is 116 (base 14) in base 7?
426
-370 (base 13) to base 2
-1001010110
Convert -53147 (base 8) to base 7.
-121326
What is -730 (base 11) in base 13?
-529
-10ee (base 16) to base 11
-3290
What is b615 (base 14) in base 13?
1138a
Convert -12542 (base 9) to base 13.
-3b0c
Convert -2 (base 16) to base 5.
-2
1010000000 (base 2) to base 12
454
What is 542 (base 6) in base 5?
1311
What is -10149 (base 10) in base 3?
-111220220
What is 10001 (base 3) in base 2?
1010010
-7143 (base 9) to base 12
-3033
What is 6abc (base 13) in base 8?
35263
Convert 116c (base 13) to base 5.
34311
What is -100100100 (base 2) in base 11?
-246
What is 45 (base 9) in base 3?
1112
Convert 3122 (base 4) to base 10.
218
What is 48502 (base 9) in base 4?
13323203
What is 4102 (base 6) in base 15?
402
Convert -20b (base 12) to base 13.
-1a0
-2011 (base 3) to base 16
-3a
Convert 445 (base 10) to base 13.
283
What is 1021222 (base 5) in base 15?
50c7
What is 1364c (base 13) in base 6?
435422
What is 286 (base 15) in base 3?
210100
What is 6ea (base 15) in base 10?
1570
12221030 (base 4) to base 15
80e2
What is -11011110000 (base 2) in base 5?
-24101
What is 518 (base 10) in base